s the units digit of d?
1
Let w(l) = -14*l - 47. Let d be w(-6). What is the units digit of d/(5/(14 + -4))?
4
Let q(u) = -14*u**3 + 2*u**2 + 16*u + 13. What is the units digit of q(-5)?
3
Let l(b) be the second derivative of 7*b**3/3 + 3*b**2 + 5*b. What is the units digit of l(6)?
0
Suppose 2*x - d = -4*d + 1635, 2*x - 4*d - 1614 = 0. What is the hundreds digit of x?
8
What is the tens digit of ((-2)/(32/(-1896)))/(2/4)?
3
Let v be -18*(-3 + 8/3). Suppose -10*m = -v*m - 1008. What is the hundreds digit of m?
2
Let m = -28 - -32. Suppose 0 = 5*n + t - 28, -8 + 0 = m*t. Suppose 0 = n*f - 8*f + 36. What is the tens digit of f?
1
Suppose f + 122 + 561 = 4*l, -2*f + 10 = 0. What is the units digit of l?
2
Let q(o) = 2651*o - 3. What is the tens digit of q(1)?
4
Let m(a) = 3*a + 4. Let u be m(-18). Suppose 4*s - 60 = -4*b, s + 20 = 4*b - 15. What is the tens digit of (-1440)/u + 2/b?
2
Let m = -48 - -51. What is the tens digit of (m - 1)*(-236)/(-8)?
5
Suppose 0 = -2*o + 12 - 0. Let p be (-12)/(-18) + (-88)/o. What is the tens digit of 10*(-1)/(5/p)?
2
Suppose l + 5 = 2*z + 3, 4*l + 2*z = 22. Suppose 0 = d - l*a - 156, -3*d + 4*d = -4*a + 188. What is the units digit of d?
2
What is the units digit of (-3 + (-127)/(-4))/(3/12)?
5
Let g(f) = 7*f**3 - 4*f**2 + 3*f + 5. Let z(h) = 7*h**3 - 5*h**2 + 3*h + 4. Let w(l) = -2*g(l) + 3*z(l). What is the tens digit of w(3)?
3
Let p(v) = v**3 - 7*v**2 + 10*v - 4. Let n be p(6). Let z = -16 + n. What is the units digit of z?
4
Let n(b) = -3*b - 5. Let a be n(-4). Suppose -2*y - 290 = -a*y. What is the tens digit of y?
5
What is the units digit of ((-18)/4)/((-47)/7426)?
1
Let u be (-1 - -155) + (-5 - (-5 - -2)). Let y = -106 + u. What is the units digit of y?
6
Let h(u) = u**2 + 9*u + 6. Let l be h(-4). Let b be -3*-2*l/(-6). Let q = b + 6. What is the tens digit of q?
2
What is the tens digit of (3472/(-24) - 3)*-6?
8
Suppose -18*l - 45 = -13*l. What is the tens digit of (l/18)/(2/(-164))?
4
Suppose r - 7*i = -2*i + 575, -r + 4*i + 580 = 0. What is the units digit of (-1 - -4) + r/4?
3
Let x be (0 + -2)/6*-9. Let u be 970/6 + x/9. Suppose 5*r - 2*v = 135, -u + 54 = -4*r - 2*v. What is the tens digit of r?
2
Suppose 4*o = -2454 - 22. Let v = 878 + o. What is the units digit of v?
9
Let n be -6*(-3 - (-32)/12). Suppose 0 = 4*y + 4, n*a + 5*y = 8 + 5. What is the units digit of a?
9
Suppose 37 = 18*w + 1. Suppose -3*a = -4*a + 5. Suppose -w*v - a = -49. What is the tens digit of v?
2
Suppose 2*c = 4*x + 1054, 0*x + 3*x + 1054 = 2*c. What is the tens digit of c?
2
Let y(k) = 14*k - 89. What is the hundreds digit of y(29)?
3
Let b = 2242 - 1551. What is the tens digit of b?
9
What is the units digit of 1/(-6) - 274036/(-168)?
1
Let b be 40/6*(-9)/(-12)*-2. Let x be (-92)/(-6) + (-2)/6. Let y = x + b. What is the units digit of y?
5
Suppose 2*k = 2*l + 2, -5*l + 6 = -2*k + 2. Let q(a) = 24*a**2 + 6*a - 18. What is the tens digit of q(k)?
1
Let o = 17 - 21. Let z = 95 - o. What is the units digit of z?
9
Suppose 2*l - 5 + 1 = 0. Suppose -22 - 9 = -4*c - 5*g, 6 = l*g. Suppose -2*d + c*x + 72 = 0, x - 23 = d - 59. What is the units digit of d?
6
Suppose -2*p - 3332 = -16*p. What is the units digit of p?
8
Let n be 1/((-2 - 0)/(-8)). Let w be ((-20)/60)/((-1)/(1 + 50)). Suppose 4*x = -5*h + 21, h - n*x + w = 2*h. What is the units digit of h?
1
Let m(v) = -25*v - 21. Suppose 8*z + 28 = -12. What is the hundreds digit of m(z)?
1
Suppose -15*k = -18*k - 5*z + 2735, -4*k - z + 3658 = 0. What is the tens digit of k?
1
Let b = -6 + 10. Suppose 4*v = -1 - 7, b = 4*y - 2*v. Suppose y = -s - s - 2*w + 48, -w = -2*s + 33. What is the units digit of s?
9
Let x = 14 - 11. Suppose 4*i + x*p = 159 + 46, 5*i - p = 280. What is the tens digit of i?
5
Let l = 76 - 73. Suppose -l*b - 540 = -2*w, w + b + 4*b - 257 = 0. What is the tens digit of w?
6
What is the units digit of (842/(-4) - 0)/((-205)/2050)?
5
Suppose -5*r - 345 = -1355. Suppose 8 = 5*w - r. What is the units digit of w?
2
Suppose -2*d - 84 = -262. What is the tens digit of d?
8
Suppose 0 = 41*y + 41 - 23944. What is the units digit of y?
3
Let s = -12 - -17. Suppose s*n + c - 98 = -0*c, 3*n - 2*c = 64. What is the units digit of n?
0
Suppose -2*p + 0*p + 10 = 0. Suppose 8*n + 42 = p*n. Let r = -1 - n. What is the tens digit of r?
1
Let u(c) = -48*c**3 + 2*c**2 - 2*c. Let k be u(2). Let l be (k/(-8) + 1)*2. Let d = l - 56. What is the units digit of d?
1
Let r = -599 - -1481. What is the tens digit of r?
8
Let r = -22 + 74. Let a = 86 + r. What is the tens digit of a?
3
Let l = 27 - 39. Let w = 15 - 11. What is the units digit of w/l*(-6 + 3)?
1
Let l(j) = -j**2 + 73*j - 53. What is the units digit of l(42)?
9
Suppose -14*x + 15*x - 120 = 0. Suppose 0 = -2*g - 2 + x. What is the units digit of g?
9
Let m(l) = -l**3 + 2*l**2 - 2*l. Let y be m(1). What is the tens digit of 6 - 3 - 12*y?
1
Let i(r) = 3*r**2 - 2*r + 8. Let d be i(4). Let g = -47 + d. What is the units digit of g?
1
Suppose 5*i - i + 7 = 3*y, 0 = -3*i + 4*y - 14. Suppose -108 = -2*r - i*r. What is the tens digit of r?
2
Let w = 1023 + -718. What is the units digit of w?
5
Suppose -1 = -3*l + 8. Suppose -l*j = -2*i + 101, 2*i + 4*j + j - 77 = 0. Suppose -x + i = 5*g - 2*g, 2*x - 3*g - 110 = 0. What is the tens digit of x?
5
Let m(p) = p + 320. Let i be m(0). Let q = i - 228. Suppose -s + q = 3*s. What is the units digit of s?
3
Let w(p) = -p**2 + 27*p - 32. Let o be w(20). Let r = o - 77. What is the tens digit of r?
3
Let m be (-1132)/8 - 2/4. Let v = m + 218. What is the units digit of v?
6
Let g(d) = d**3 + d**2 + 4*d - 3. Suppose -2*c + 1 + 3 = 0. What is the units digit of g(c)?
7
Suppose 5*f = -16 - 4. Let o be 2 + f/4*31. Let s = 58 + o. What is the tens digit of s?
2
Let k(q) = -q**3 - 9*q**2 + 15*q + 4. What is the units digit of k(-12)?
6
Let h(g) = -g**2 - 66*g - 493. What is the hundreds digit of h(-44)?
4
Suppose 10*g - 96 = 9*g - 2*h, 0 = -3*g - h + 308. What is the hundreds digit of g?
1
Let f be ((-4)/6)/(12/(-1134)). What is the units digit of ((-48)/10)/(f/(-840))?
4
Let t(s) be the first derivative of -s**3/3 - 11*s**2 - 31*s - 17. What is the tens digit of t(-12)?
8
Let w(t) = 3*t**2 - 5*t - 46. Let m(g) = -8*g**2 + 14*g + 139. Let o(a) = 4*m(a) + 11*w(a). What is the tens digit of o(0)?
5
Suppose a - 2*a = -5*n + 9147, 8 = -4*a. What is the hundreds digit of n?
8
Let s be (-475)/2*(4 - 12/2). Let v = s - 197. What is the units digit of v?
8
Let n(j) = -17*j - 1. Let a be n(-5). Suppose -4*q + 140 = -a. What is the units digit of q?
6
Suppose 578 = -4*w + 9926. What is the hundreds digit of w?
3
Let t be 12640/26 - ((-201)/(-39) - 5). Let u = -330 + t. What is the hundreds digit of u?
1
Let k be ((-20)/(-12)*-8)/(2/6). What is the units digit of (-34)/(-9) + k/(-180)?
4
Let m(x) = -x - 7. Let s be m(-7). Suppose s = g + 2*g + 60. Let q = g + 30. What is the units digit of q?
0
Let x(u) = -u**2 + 91*u - 131. What is the tens digit of x(55)?
4
Let q(u) = u**3 + 9*u**2 - 6*u. Let c be q(-9). Let i be (-6)/(-27) - (-96)/c. Suppose -46 = t - 2*t + 4*r, -112 = -2*t - i*r. What is the units digit of t?
4
Let l be (2/(-11))/(-1) + 339/11. Suppose 2*o = x + 3*o - l, o = 2. What is the units digit of x?
9
Suppose 0 = -3*w - 2*w + 70. Suppose 0 = 5*a + f - 190, 3*f = -2*a + 90 - w. Suppose 2*p - a = -2*o, -2*p + 76 = 2*p + 5*o. What is the tens digit of p?
1
Let w = -2 - -2. Suppose y + 5*r - 45 = r, w = 4*y + 5*r - 202. What is the tens digit of y?
5
Suppose 0 = 7*l + 2*l + 2232. Let u = l + 392. What is the hundreds digit of u?
1
Suppose 3*o - 2757 = 2*l, 2*l = -3*o + 2*o + 911. What is the hundreds digit of o?
9
Let f = 7121 - 4301. What is the tens digit of f?
2
Suppose 6*u - 5*w - 2015 = 2*u, 0 = -u + 4*w + 512. What is the units digit of u?
0
Let s = -6 + 11. Let h(t) = -3 + 0*t + s + 2*t + 2*t. What is the units digit of h(4)?
8
Suppose 16*t - 14*t - 34 = 0. Let l = t + -4. What is the units digit of l?
3
What is the tens digit of ((-24)/20)/(-1*2/315)?
8
Let l(y) = 2*y**3 + 2*y**2 - 13*y + 8. Let v be l(4). Let p = v - 16. What is the hundreds digit of p?
1
Suppose -3*z = y - 748, -z + 4520 = 6*y + z. What is the hundreds digit of y?
7
Let x(u) = -u**2 + 0 + 4*u + 0*u**2 - 1. Let y be x(3)